{"id":688,"date":"2019-07-16T10:24:42","date_gmt":"2019-07-16T08:24:42","guid":{"rendered":"https:\/\/elektroschulz.com\/?page_id=688"},"modified":"2026-03-30T11:51:10","modified_gmt":"2026-03-30T09:51:10","slug":"glasfaser-ausbau-von-htp","status":"publish","type":"page","link":"https:\/\/elektroschulz.com\/?page_id=688","title":{"rendered":"Glasfaser-Ausbau von htp"},"content":{"rendered":"[vc_row][vc_column]<div class=\"vcex-spacing\" style=\"height:30px\"><\/div>[vc_custom_heading text=&#8220;Glasfaser-Ausbau von htp&#8220; font_container=&#8220;tag:h1|text_align:left|color:%23085394&#8243; use_theme_fonts=&#8220;yes&#8220;][vc_separator css=&#8220;.vc_custom_1563268982165{padding-bottom: 15px !important;}&#8220;][vc_column_text]Als autorisierter Vertriebspartner der htp Hannover begleiten wir den Glasfaser-Ausbau im Landkreis Hameln-Pyrmont von Beginn an.<\/p>\n<p>Verpassen Sie nicht diese einmalige Gelegenheit, Ihre Wohnung oder Immobilie mit einem \u2013 f\u00fcr Sie kostenlosen \u2013 zukunftssicheren, schnellen Glasfaser-Internetanschluss aufzuwerten.<\/p>\n<p>Ob 50 Mbit\/s oder 1000 Mbit\/s \u2013 wir beraten Sie gerne und unterst\u00fctzen Sie bei der Antragstellung und stehen Ihnen auch sp\u00e4ter mit unseren Technikern zur Seite, wenn in Ihrem Haus das schnelle Internet Einzug h\u00e4lt.[\/vc_column_text][\/vc_column][\/vc_row][vc_row][vc_column][vc_single_image image=&#8220;713&#8243; img_size=&#8220;medium&#8220; onclick=&#8220;custom_link&#8220; link=&#8220;mailto:info@elektroschulz.com&#8220;][\/vc_column][\/vc_row]\n","protected":false},"excerpt":{"rendered":"<p>[vc_row][vc_column][vc_custom_heading text=&#8220;Glasfaser-Ausbau von htp&#8220; font_container=&#8220;tag:h1|text_align:left|color:%23085394&#8243; use_theme_fonts=&#8220;yes&#8220;][vc_separator css=&#8220;.vc_custom_1563268982165{padding-bottom: 15px !important;}&#8220;][vc_column_text]Als autorisierter Vertriebspartner der htp Hannover begleiten wir den Glasfaser-Ausbau im Landkreis Hameln-Pyrmont von Beginn an. Verpassen Sie nicht diese einmalige Gelegenheit, Ihre Wohnung oder Immobilie mit einem \u2013 f\u00fcr Sie kostenlosen&hellip;<\/p>\n","protected":false},"author":1,"featured_media":713,"parent":0,"menu_order":9,"comment_status":"closed","ping_status":"closed","template":"","meta":[],"yoast_head":"<!-- This site is optimized with the Yoast SEO plugin v21.8 - https:\/\/yoast.com\/wordpress\/plugins\/seo\/ -->\n<title>Glasfaser-Ausbau von htp - Elektro Schulz<\/title>\n<meta name=\"robots\" content=\"index, follow, max-snippet:-1, max-image-preview:large, max-video-preview:-1\" \/>\n<link rel=\"canonical\" href=\"https:\/\/elektroschulz.com\/?page_id=688\" \/>\n<meta property=\"og:locale\" content=\"de_DE\" \/>\n<meta property=\"og:type\" content=\"article\" \/>\n<meta property=\"og:title\" content=\"Glasfaser-Ausbau von htp - Elektro Schulz\" \/>\n<meta property=\"og:description\" content=\"[vc_row][vc_column][vc_custom_heading text=&#8220;Glasfaser-Ausbau von htp&#8220; font_container=&#8220;tag:h1|text_align:left|color:%23085394&#8243; use_theme_fonts=&#8220;yes&#8220;][vc_separator css=&#8220;.vc_custom_1563268982165{padding-bottom: 15px !important;}&#8220;][vc_column_text]Als autorisierter Vertriebspartner der htp Hannover begleiten wir den Glasfaser-Ausbau im Landkreis Hameln-Pyrmont von Beginn an. Verpassen Sie nicht diese einmalige Gelegenheit, Ihre Wohnung oder Immobilie mit einem \u2013 f\u00fcr Sie kostenlosen&hellip;\" \/>\n<meta property=\"og:url\" content=\"https:\/\/elektroschulz.com\/?page_id=688\" \/>\n<meta property=\"og:site_name\" content=\"Elektro Schulz\" \/>\n<meta property=\"article:modified_time\" content=\"2026-03-30T09:51:10+00:00\" \/>\n<meta property=\"og:image\" content=\"https:\/\/elektroschulz.com\/wp-content\/uploads\/2020\/03\/HTP2053_Aufkleber_42x32_RZ_klein.jpg\" \/>\n\t<meta property=\"og:image:width\" content=\"496\" \/>\n\t<meta property=\"og:image:height\" content=\"378\" \/>\n\t<meta property=\"og:image:type\" content=\"image\/jpeg\" \/>\n<meta name=\"twitter:card\" content=\"summary_large_image\" \/>\n<meta name=\"twitter:label1\" content=\"Gesch\u00e4tzte Lesezeit\" \/>\n\t<meta name=\"twitter:data1\" content=\"1\u00a0Minute\" \/>\n<script type=\"application\/ld+json\" class=\"yoast-schema-graph\">{\"@context\":\"https:\/\/schema.org\",\"@graph\":[{\"@type\":\"WebPage\",\"@id\":\"https:\/\/elektroschulz.com\/?page_id=688\",\"url\":\"https:\/\/elektroschulz.com\/?page_id=688\",\"name\":\"Glasfaser-Ausbau von htp - Elektro Schulz\",\"isPartOf\":{\"@id\":\"https:\/\/elektroschulz.com\/#website\"},\"datePublished\":\"2019-07-16T08:24:42+00:00\",\"dateModified\":\"2026-03-30T09:51:10+00:00\",\"breadcrumb\":{\"@id\":\"https:\/\/elektroschulz.com\/?page_id=688#breadcrumb\"},\"inLanguage\":\"de\",\"potentialAction\":[{\"@type\":\"ReadAction\",\"target\":[\"https:\/\/elektroschulz.com\/?page_id=688\"]}]},{\"@type\":\"BreadcrumbList\",\"@id\":\"https:\/\/elektroschulz.com\/?page_id=688#breadcrumb\",\"itemListElement\":[{\"@type\":\"ListItem\",\"position\":1,\"name\":\"Home\",\"item\":\"https:\/\/elektroschulz.com\/\"},{\"@type\":\"ListItem\",\"position\":2,\"name\":\"Glasfaser-Ausbau von htp\"}]},{\"@type\":\"WebSite\",\"@id\":\"https:\/\/elektroschulz.com\/#website\",\"url\":\"https:\/\/elektroschulz.com\/\",\"name\":\"Elektro Schulz\",\"description\":\"\",\"publisher\":{\"@id\":\"https:\/\/elektroschulz.com\/#organization\"},\"potentialAction\":[{\"@type\":\"SearchAction\",\"target\":{\"@type\":\"EntryPoint\",\"urlTemplate\":\"https:\/\/elektroschulz.com\/?s={search_term_string}\"},\"query-input\":\"required name=search_term_string\"}],\"inLanguage\":\"de\"},{\"@type\":\"Organization\",\"@id\":\"https:\/\/elektroschulz.com\/#organization\",\"name\":\"Elektro Schulz\",\"url\":\"https:\/\/elektroschulz.com\/\",\"logo\":{\"@type\":\"ImageObject\",\"inLanguage\":\"de\",\"@id\":\"https:\/\/elektroschulz.com\/#\/schema\/logo\/image\/\",\"url\":\"https:\/\/elektroschulz.com\/wp-content\/uploads\/2015\/09\/elektro-schulz_logo.png\",\"contentUrl\":\"https:\/\/elektroschulz.com\/wp-content\/uploads\/2015\/09\/elektro-schulz_logo.png\",\"width\":400,\"height\":119,\"caption\":\"Elektro Schulz\"},\"image\":{\"@id\":\"https:\/\/elektroschulz.com\/#\/schema\/logo\/image\/\"}}]}<\/script>\n<!-- \/ Yoast SEO plugin. -->","yoast_head_json":{"title":"Glasfaser-Ausbau von htp - Elektro Schulz","robots":{"index":"index","follow":"follow","max-snippet":"max-snippet:-1","max-image-preview":"max-image-preview:large","max-video-preview":"max-video-preview:-1"},"canonical":"https:\/\/elektroschulz.com\/?page_id=688","og_locale":"de_DE","og_type":"article","og_title":"Glasfaser-Ausbau von htp - Elektro Schulz","og_description":"[vc_row][vc_column][vc_custom_heading text=&#8220;Glasfaser-Ausbau von htp&#8220; font_container=&#8220;tag:h1|text_align:left|color:%23085394&#8243; use_theme_fonts=&#8220;yes&#8220;][vc_separator css=&#8220;.vc_custom_1563268982165{padding-bottom: 15px !important;}&#8220;][vc_column_text]Als autorisierter Vertriebspartner der htp Hannover begleiten wir den Glasfaser-Ausbau im Landkreis Hameln-Pyrmont von Beginn an. Verpassen Sie nicht diese einmalige Gelegenheit, Ihre Wohnung oder Immobilie mit einem \u2013 f\u00fcr Sie kostenlosen&hellip;","og_url":"https:\/\/elektroschulz.com\/?page_id=688","og_site_name":"Elektro Schulz","article_modified_time":"2026-03-30T09:51:10+00:00","og_image":[{"width":496,"height":378,"url":"https:\/\/elektroschulz.com\/wp-content\/uploads\/2020\/03\/HTP2053_Aufkleber_42x32_RZ_klein.jpg","type":"image\/jpeg"}],"twitter_card":"summary_large_image","twitter_misc":{"Gesch\u00e4tzte Lesezeit":"1\u00a0Minute"},"schema":{"@context":"https:\/\/schema.org","@graph":[{"@type":"WebPage","@id":"https:\/\/elektroschulz.com\/?page_id=688","url":"https:\/\/elektroschulz.com\/?page_id=688","name":"Glasfaser-Ausbau von htp - Elektro Schulz","isPartOf":{"@id":"https:\/\/elektroschulz.com\/#website"},"datePublished":"2019-07-16T08:24:42+00:00","dateModified":"2026-03-30T09:51:10+00:00","breadcrumb":{"@id":"https:\/\/elektroschulz.com\/?page_id=688#breadcrumb"},"inLanguage":"de","potentialAction":[{"@type":"ReadAction","target":["https:\/\/elektroschulz.com\/?page_id=688"]}]},{"@type":"BreadcrumbList","@id":"https:\/\/elektroschulz.com\/?page_id=688#breadcrumb","itemListElement":[{"@type":"ListItem","position":1,"name":"Home","item":"https:\/\/elektroschulz.com\/"},{"@type":"ListItem","position":2,"name":"Glasfaser-Ausbau von htp"}]},{"@type":"WebSite","@id":"https:\/\/elektroschulz.com\/#website","url":"https:\/\/elektroschulz.com\/","name":"Elektro Schulz","description":"","publisher":{"@id":"https:\/\/elektroschulz.com\/#organization"},"potentialAction":[{"@type":"SearchAction","target":{"@type":"EntryPoint","urlTemplate":"https:\/\/elektroschulz.com\/?s={search_term_string}"},"query-input":"required name=search_term_string"}],"inLanguage":"de"},{"@type":"Organization","@id":"https:\/\/elektroschulz.com\/#organization","name":"Elektro Schulz","url":"https:\/\/elektroschulz.com\/","logo":{"@type":"ImageObject","inLanguage":"de","@id":"https:\/\/elektroschulz.com\/#\/schema\/logo\/image\/","url":"https:\/\/elektroschulz.com\/wp-content\/uploads\/2015\/09\/elektro-schulz_logo.png","contentUrl":"https:\/\/elektroschulz.com\/wp-content\/uploads\/2015\/09\/elektro-schulz_logo.png","width":400,"height":119,"caption":"Elektro Schulz"},"image":{"@id":"https:\/\/elektroschulz.com\/#\/schema\/logo\/image\/"}}]}},"_links":{"self":[{"href":"https:\/\/elektroschulz.com\/index.php?rest_route=\/wp\/v2\/pages\/688"}],"collection":[{"href":"https:\/\/elektroschulz.com\/index.php?rest_route=\/wp\/v2\/pages"}],"about":[{"href":"https:\/\/elektroschulz.com\/index.php?rest_route=\/wp\/v2\/types\/page"}],"author":[{"embeddable":true,"href":"https:\/\/elektroschulz.com\/index.php?rest_route=\/wp\/v2\/users\/1"}],"replies":[{"embeddable":true,"href":"https:\/\/elektroschulz.com\/index.php?rest_route=%2Fwp%2Fv2%2Fcomments&post=688"}],"version-history":[{"count":18,"href":"https:\/\/elektroschulz.com\/index.php?rest_route=\/wp\/v2\/pages\/688\/revisions"}],"predecessor-version":[{"id":900,"href":"https:\/\/elektroschulz.com\/index.php?rest_route=\/wp\/v2\/pages\/688\/revisions\/900"}],"wp:featuredmedia":[{"embeddable":true,"href":"https:\/\/elektroschulz.com\/index.php?rest_route=\/wp\/v2\/media\/713"}],"wp:attachment":[{"href":"https:\/\/elektroschulz.com\/index.php?rest_route=%2Fwp%2Fv2%2Fmedia&parent=688"}],"curies":[{"name":"wp","href":"https:\/\/api.w.org\/{rel}","templated":true}]}}