{"id":699,"date":"2019-07-16T11:28:07","date_gmt":"2019-07-16T09:28:07","guid":{"rendered":"https:\/\/elektroschulz.com\/?page_id=699"},"modified":"2020-04-08T11:03:26","modified_gmt":"2020-04-08T09:03:26","slug":"alarm-und-wachanlagen","status":"publish","type":"page","link":"https:\/\/elektroschulz.com\/?page_id=699","title":{"rendered":"Alarm und Video-\u00dcberwachungsanlagen"},"content":{"rendered":"[vc_row][vc_column]<div class=\"vcex-spacing\" style=\"height:30px\"><\/div>[vc_custom_heading text=&#8220;Alarm und Video-\u00dcberwachungsanlagen&#8220; font_container=&#8220;tag:h1|text_align:left|color:%23085394&#8243; use_theme_fonts=&#8220;yes&#8220;][vc_separator css=&#8220;.vc_custom_1563269431000{padding-bottom: 15px !important;}&#8220;][vc_column_text]Egal ob Sie Ihr Haus, Wohnung oder B\u00fcro sch\u00fctzen oder \u00fcberwachen m\u00f6chten, unsere Spezialisten beraten Sie gerne vor Ort.<\/p>\n<p>Unsere Alarmanlagen \u00fcberzeugen dabei durch Ihre einfache Handhabung und h\u00f6chste Zuverl\u00e4ssigkeit.[\/vc_column_text][\/vc_column][\/vc_row][vc_row][vc_column][\/vc_column][\/vc_row]\n","protected":false},"excerpt":{"rendered":"<p>[vc_row][vc_column][vc_custom_heading text=&#8220;Alarm und Video-\u00dcberwachungsanlagen&#8220; font_container=&#8220;tag:h1|text_align:left|color:%23085394&#8243; use_theme_fonts=&#8220;yes&#8220;][vc_separator css=&#8220;.vc_custom_1563269431000{padding-bottom: 15px !important;}&#8220;][vc_column_text]Egal ob Sie Ihr Haus, Wohnung oder B\u00fcro sch\u00fctzen oder \u00fcberwachen m\u00f6chten, unsere Spezialisten beraten Sie gerne vor Ort. Unsere Alarmanlagen \u00fcberzeugen dabei durch Ihre einfache Handhabung und h\u00f6chste Zuverl\u00e4ssigkeit.[\/vc_column_text][\/vc_column][\/vc_row][vc_row][vc_column][\/vc_column][\/vc_row]<\/p>\n","protected":false},"author":1,"featured_media":750,"parent":0,"menu_order":11,"comment_status":"closed","ping_status":"closed","template":"","meta":[],"yoast_head":"<!-- This site is optimized with the Yoast SEO plugin v21.8 - https:\/\/yoast.com\/wordpress\/plugins\/seo\/ -->\n<title>Alarm und Video-\u00dcberwachungsanlagen - Elektro Schulz<\/title>\n<meta name=\"robots\" content=\"index, follow, max-snippet:-1, max-image-preview:large, max-video-preview:-1\" \/>\n<link rel=\"canonical\" href=\"https:\/\/elektroschulz.com\/?page_id=699\" \/>\n<meta property=\"og:locale\" content=\"de_DE\" \/>\n<meta property=\"og:type\" content=\"article\" \/>\n<meta property=\"og:title\" content=\"Alarm und Video-\u00dcberwachungsanlagen - Elektro Schulz\" \/>\n<meta property=\"og:description\" content=\"[vc_row][vc_column][vc_custom_heading text=&#8220;Alarm und Video-\u00dcberwachungsanlagen&#8220; font_container=&#8220;tag:h1|text_align:left|color:%23085394&#8243; use_theme_fonts=&#8220;yes&#8220;][vc_separator css=&#8220;.vc_custom_1563269431000{padding-bottom: 15px !important;}&#8220;][vc_column_text]Egal ob Sie Ihr Haus, Wohnung oder B\u00fcro sch\u00fctzen oder \u00fcberwachen m\u00f6chten, unsere Spezialisten beraten Sie gerne vor Ort. Unsere Alarmanlagen \u00fcberzeugen dabei durch Ihre einfache Handhabung und h\u00f6chste Zuverl\u00e4ssigkeit.[\/vc_column_text][\/vc_column][\/vc_row][vc_row][vc_column][\/vc_column][\/vc_row]\" \/>\n<meta property=\"og:url\" content=\"https:\/\/elektroschulz.com\/?page_id=699\" \/>\n<meta property=\"og:site_name\" content=\"Elektro Schulz\" \/>\n<meta property=\"article:modified_time\" content=\"2020-04-08T09:03:26+00:00\" \/>\n<meta property=\"og:image\" content=\"https:\/\/elektroschulz.com\/wp-content\/uploads\/2020\/03\/elektro_schulz_system_9000_haus_4000_nacht_web_600pix.jpg\" \/>\n\t<meta property=\"og:image:width\" content=\"600\" \/>\n\t<meta property=\"og:image:height\" content=\"600\" \/>\n\t<meta property=\"og:image:type\" content=\"image\/jpeg\" \/>\n<meta name=\"twitter:card\" content=\"summary_large_image\" \/>\n<script type=\"application\/ld+json\" class=\"yoast-schema-graph\">{\"@context\":\"https:\/\/schema.org\",\"@graph\":[{\"@type\":\"WebPage\",\"@id\":\"https:\/\/elektroschulz.com\/?page_id=699\",\"url\":\"https:\/\/elektroschulz.com\/?page_id=699\",\"name\":\"Alarm und Video-\u00dcberwachungsanlagen - Elektro Schulz\",\"isPartOf\":{\"@id\":\"https:\/\/elektroschulz.com\/#website\"},\"datePublished\":\"2019-07-16T09:28:07+00:00\",\"dateModified\":\"2020-04-08T09:03:26+00:00\",\"breadcrumb\":{\"@id\":\"https:\/\/elektroschulz.com\/?page_id=699#breadcrumb\"},\"inLanguage\":\"de\",\"potentialAction\":[{\"@type\":\"ReadAction\",\"target\":[\"https:\/\/elektroschulz.com\/?page_id=699\"]}]},{\"@type\":\"BreadcrumbList\",\"@id\":\"https:\/\/elektroschulz.com\/?page_id=699#breadcrumb\",\"itemListElement\":[{\"@type\":\"ListItem\",\"position\":1,\"name\":\"Home\",\"item\":\"https:\/\/elektroschulz.com\/\"},{\"@type\":\"ListItem\",\"position\":2,\"name\":\"Alarm und Video-\u00dcberwachungsanlagen\"}]},{\"@type\":\"WebSite\",\"@id\":\"https:\/\/elektroschulz.com\/#website\",\"url\":\"https:\/\/elektroschulz.com\/\",\"name\":\"Elektro Schulz\",\"description\":\"\",\"publisher\":{\"@id\":\"https:\/\/elektroschulz.com\/#organization\"},\"potentialAction\":[{\"@type\":\"SearchAction\",\"target\":{\"@type\":\"EntryPoint\",\"urlTemplate\":\"https:\/\/elektroschulz.com\/?s={search_term_string}\"},\"query-input\":\"required name=search_term_string\"}],\"inLanguage\":\"de\"},{\"@type\":\"Organization\",\"@id\":\"https:\/\/elektroschulz.com\/#organization\",\"name\":\"Elektro Schulz\",\"url\":\"https:\/\/elektroschulz.com\/\",\"logo\":{\"@type\":\"ImageObject\",\"inLanguage\":\"de\",\"@id\":\"https:\/\/elektroschulz.com\/#\/schema\/logo\/image\/\",\"url\":\"https:\/\/elektroschulz.com\/wp-content\/uploads\/2015\/09\/elektro-schulz_logo.png\",\"contentUrl\":\"https:\/\/elektroschulz.com\/wp-content\/uploads\/2015\/09\/elektro-schulz_logo.png\",\"width\":400,\"height\":119,\"caption\":\"Elektro Schulz\"},\"image\":{\"@id\":\"https:\/\/elektroschulz.com\/#\/schema\/logo\/image\/\"}}]}<\/script>\n<!-- \/ Yoast SEO plugin. -->","yoast_head_json":{"title":"Alarm und Video-\u00dcberwachungsanlagen - Elektro Schulz","robots":{"index":"index","follow":"follow","max-snippet":"max-snippet:-1","max-image-preview":"max-image-preview:large","max-video-preview":"max-video-preview:-1"},"canonical":"https:\/\/elektroschulz.com\/?page_id=699","og_locale":"de_DE","og_type":"article","og_title":"Alarm und Video-\u00dcberwachungsanlagen - Elektro Schulz","og_description":"[vc_row][vc_column][vc_custom_heading text=&#8220;Alarm und Video-\u00dcberwachungsanlagen&#8220; font_container=&#8220;tag:h1|text_align:left|color:%23085394&#8243; use_theme_fonts=&#8220;yes&#8220;][vc_separator css=&#8220;.vc_custom_1563269431000{padding-bottom: 15px !important;}&#8220;][vc_column_text]Egal ob Sie Ihr Haus, Wohnung oder B\u00fcro sch\u00fctzen oder \u00fcberwachen m\u00f6chten, unsere Spezialisten beraten Sie gerne vor Ort. Unsere Alarmanlagen \u00fcberzeugen dabei durch Ihre einfache Handhabung und h\u00f6chste Zuverl\u00e4ssigkeit.[\/vc_column_text][\/vc_column][\/vc_row][vc_row][vc_column][\/vc_column][\/vc_row]","og_url":"https:\/\/elektroschulz.com\/?page_id=699","og_site_name":"Elektro Schulz","article_modified_time":"2020-04-08T09:03:26+00:00","og_image":[{"width":600,"height":600,"url":"https:\/\/elektroschulz.com\/wp-content\/uploads\/2020\/03\/elektro_schulz_system_9000_haus_4000_nacht_web_600pix.jpg","type":"image\/jpeg"}],"twitter_card":"summary_large_image","schema":{"@context":"https:\/\/schema.org","@graph":[{"@type":"WebPage","@id":"https:\/\/elektroschulz.com\/?page_id=699","url":"https:\/\/elektroschulz.com\/?page_id=699","name":"Alarm und Video-\u00dcberwachungsanlagen - Elektro Schulz","isPartOf":{"@id":"https:\/\/elektroschulz.com\/#website"},"datePublished":"2019-07-16T09:28:07+00:00","dateModified":"2020-04-08T09:03:26+00:00","breadcrumb":{"@id":"https:\/\/elektroschulz.com\/?page_id=699#breadcrumb"},"inLanguage":"de","potentialAction":[{"@type":"ReadAction","target":["https:\/\/elektroschulz.com\/?page_id=699"]}]},{"@type":"BreadcrumbList","@id":"https:\/\/elektroschulz.com\/?page_id=699#breadcrumb","itemListElement":[{"@type":"ListItem","position":1,"name":"Home","item":"https:\/\/elektroschulz.com\/"},{"@type":"ListItem","position":2,"name":"Alarm und Video-\u00dcberwachungsanlagen"}]},{"@type":"WebSite","@id":"https:\/\/elektroschulz.com\/#website","url":"https:\/\/elektroschulz.com\/","name":"Elektro Schulz","description":"","publisher":{"@id":"https:\/\/elektroschulz.com\/#organization"},"potentialAction":[{"@type":"SearchAction","target":{"@type":"EntryPoint","urlTemplate":"https:\/\/elektroschulz.com\/?s={search_term_string}"},"query-input":"required name=search_term_string"}],"inLanguage":"de"},{"@type":"Organization","@id":"https:\/\/elektroschulz.com\/#organization","name":"Elektro Schulz","url":"https:\/\/elektroschulz.com\/","logo":{"@type":"ImageObject","inLanguage":"de","@id":"https:\/\/elektroschulz.com\/#\/schema\/logo\/image\/","url":"https:\/\/elektroschulz.com\/wp-content\/uploads\/2015\/09\/elektro-schulz_logo.png","contentUrl":"https:\/\/elektroschulz.com\/wp-content\/uploads\/2015\/09\/elektro-schulz_logo.png","width":400,"height":119,"caption":"Elektro Schulz"},"image":{"@id":"https:\/\/elektroschulz.com\/#\/schema\/logo\/image\/"}}]}},"_links":{"self":[{"href":"https:\/\/elektroschulz.com\/index.php?rest_route=\/wp\/v2\/pages\/699"}],"collection":[{"href":"https:\/\/elektroschulz.com\/index.php?rest_route=\/wp\/v2\/pages"}],"about":[{"href":"https:\/\/elektroschulz.com\/index.php?rest_route=\/wp\/v2\/types\/page"}],"author":[{"embeddable":true,"href":"https:\/\/elektroschulz.com\/index.php?rest_route=\/wp\/v2\/users\/1"}],"replies":[{"embeddable":true,"href":"https:\/\/elektroschulz.com\/index.php?rest_route=%2Fwp%2Fv2%2Fcomments&post=699"}],"version-history":[{"count":8,"href":"https:\/\/elektroschulz.com\/index.php?rest_route=\/wp\/v2\/pages\/699\/revisions"}],"predecessor-version":[{"id":751,"href":"https:\/\/elektroschulz.com\/index.php?rest_route=\/wp\/v2\/pages\/699\/revisions\/751"}],"wp:featuredmedia":[{"embeddable":true,"href":"https:\/\/elektroschulz.com\/index.php?rest_route=\/wp\/v2\/media\/750"}],"wp:attachment":[{"href":"https:\/\/elektroschulz.com\/index.php?rest_route=%2Fwp%2Fv2%2Fmedia&parent=699"}],"curies":[{"name":"wp","href":"https:\/\/api.w.org\/{rel}","templated":true}]}}